{"id":183,"date":"2018-04-06T10:12:21","date_gmt":"2018-04-06T08:12:21","guid":{"rendered":"http:\/\/www.backprima.at\/?page_id=183"},"modified":"2022-11-25T08:00:51","modified_gmt":"2022-11-25T07:00:51","slug":"baeckerei-prima-die-fenster","status":"publish","type":"page","link":"https:\/\/backprima.at\/index.php\/startseite\/baeckerei-prima-die-leistung\/baeckerei-prima-die-fenster\/","title":{"rendered":"B\u00e4ckerei Prima! &#8211; Die Fenster"},"content":{"rendered":"<p><span style=\"font-family: arial, helvetica, sans-serif;\">Die Fenster von <strong>B\u00e4ckerei Prima!<\/strong> werden in sogenannten &#8222;<strong>Slidern<\/strong>&#8220; dargestellt! F\u00fchren Sie den Mauszeiger \u00fcber das angezeigte Bild, es erscheint dabei links und rechts des Bildes ein Pfeil f\u00fcrs Bl\u00e4ttern. Bestimmte Bilder lassen sich unterhalb des Bildes mit Klick auf die Navigationskn\u00f6pfe anw\u00e4hlen! Ohne diese &#8222;Slider&#8220; w\u00e4re auf diesem Web Site nur eine sehr kleine Auswahl der Fenster aus den insgesamt mehr als 300 Fenstern von <strong>B\u00e4ckerei Prima!<\/strong> darstellbar. Da das Laden eines Sliders &#8211; abh\u00e4ngig von der Geschwindigkeit Ihrer Internet-Verbindung &#8211; doch ein paar Sekunden dauern kann, wurden je max. drei Slider auf einer thematisch zusammengeh\u00f6rige Seite untergebracht.<\/span><\/p>\n<p><span style=\"font-family: arial, helvetica, sans-serif;\">Wenn Sie alles &#8222;in echt&#8220; sehen wollen, laden Sie doch das aktuelle <strong>B\u00e4ckerei Prima!<\/strong> von der Download-Seite herunter und probieren es zusammen mit den Demo-Daten aus! Sie werden sehen, alle Funktionen von <strong>B\u00e4ckerei Prima!<\/strong> sind einfach zu beherrschen!<\/span><\/p>\n<p><span style=\"font-family: arial, helvetica, sans-serif;\"><strong><span style=\"font-size: 14pt;\">Die Installation der HFSQL Client\/Server Datenbank<\/span><\/strong><\/span><\/p>\n<p><span style=\"font-family: arial, helvetica, sans-serif;\"><strong><span style=\"font-size: 14pt;\">Die Installation von B\u00e4ckerei Prima!<\/span><\/strong><\/span><\/p>\n<p><span style=\"font-family: arial, helvetica, sans-serif;\"><strong><span style=\"font-size: 14pt;\">Das erste Einrichten von B\u00e4ckerei Prima!<\/span><\/strong><\/span><\/p>\n<p><span style=\"font-family: arial, helvetica, sans-serif;\"><strong><span style=\"font-size: 14pt;\">Der erste Start und das Hauptmen\u00fc von B\u00e4ckerei Prima!<\/span><\/strong><\/span><\/p>\n<p><span style=\"font-family: arial, helvetica, sans-serif;\"><strong><span style=\"font-size: 14pt;\">Die Demodaten von B\u00e4ckerei Prima! laden<\/span><\/strong><\/span><\/p>\n<p><span style=\"font-family: arial, helvetica, sans-serif;\"><strong><span style=\"font-size: 14pt;\">Die Lieferschein-Formular-Definition f\u00fcr B\u00e4ckerei Prima!<\/span><\/strong><\/span><\/p>\n<p><strong><span style=\"font-family: arial, helvetica, sans-serif; font-size: 14pt;\">Die Rechnungs-Formular-Definition f\u00fcr B\u00e4ckerei Prima!<\/span><\/strong><\/p>\n<p><span style=\"font-family: arial, helvetica, sans-serif;\"><strong><span style=\"font-size: 14pt;\">Die Artikel-Verwaltung von B\u00e4ckerei Prima!<\/span><\/strong><\/span><\/p>\n<p><span style=\"font-family: arial, helvetica, sans-serif;\"><strong><span style=\"font-size: 14pt;\">Die Kunden-Verwaltung von B\u00e4ckerei Prima!<\/span><\/strong><\/span><\/p>\n<p><span style=\"font-family: arial, helvetica, sans-serif;\"><strong><span style=\"font-size: 14pt;\">Die Preislisten-Verwaltung von B\u00e4ckerei Prima!<\/span><\/strong><\/span><\/p>\n<p><span style=\"font-family: arial, helvetica, sans-serif;\"><strong><span style=\"font-size: 14pt;\">Die Standard-Bestellungen in B\u00e4ckerei Prima!<\/span><\/strong><\/span><\/p>\n<p><span style=\"font-family: arial, helvetica, sans-serif;\"><strong><span style=\"font-size: 14pt;\">Die Aktionen in B\u00e4ckerei Prima!<\/span><\/strong><\/span><\/p>\n<p><span style=\"font-family: arial, helvetica, sans-serif;\"><strong><span style=\"font-size: 14pt;\">Die Lieferschein-Erfassung in B\u00e4ckerei Prima!<\/span><\/strong><\/span><\/p>\n<p><span style=\"font-family: arial, helvetica, sans-serif;\"><strong><span style=\"font-size: 14pt;\">Der Lieferschein-Druck von B\u00e4ckerei Prima!<\/span><\/strong><\/span><\/p>\n<p><span style=\"font-family: arial, helvetica, sans-serif;\"><strong><span style=\"font-size: 14pt;\">Einz\u00e4hllisten und Einz\u00e4hltabellen mit B\u00e4ckerei Prima!<\/span><\/strong><\/span><\/p>\n<p><span style=\"font-family: arial, helvetica, sans-serif;\"><strong><span style=\"font-size: 14pt;\">Backzettel und Teigliste mit B\u00e4ckerei Prima!<\/span><\/strong><\/span><\/p>\n<p><span style=\"font-family: arial, helvetica, sans-serif;\"><strong><span style=\"font-size: 14pt;\">Vorschau und Druck der Sammelrechnungen<\/span><\/strong><\/span><\/p>\n<p><span style=\"font-family: arial, helvetica, sans-serif;\"><strong><span style=\"font-size: 14pt;\">Vorschau und Druck der Aufstellungen<\/span><\/strong><\/span><\/p>\n<p><span style=\"font-family: arial, helvetica, sans-serif;\"><strong><span style=\"font-size: 14pt;\">Versand von Rechnungen, Lieferscheinen und Aufstellungen per e-Mail<\/span><\/strong><\/span><\/p>\n<p><span style=\"font-family: arial, helvetica, sans-serif;\"><strong><span style=\"font-size: 14pt;\">Druck von Listen mit B\u00e4ckerei Prima!<\/span><\/strong><\/span><\/p>\n<p><span style=\"font-family: arial, helvetica, sans-serif;\"><strong><span style=\"font-size: 14pt;\">Die Tabellen von B\u00e4ckerei Prima!<\/span><\/strong><\/span><\/p>\n<p><span style=\"font-family: arial, helvetica, sans-serif;\"><strong><span style=\"font-size: 14pt;\">Statistiken mit B\u00e4ckerei Prima! erstellen und drucken<\/span><\/strong><\/span><\/p>\n<p><span style=\"font-family: arial, helvetica, sans-serif;\"><strong><span style=\"font-size: 14pt;\">Tabellen und Listen der Ausgangsrechnungen<\/span><\/strong><\/span><\/p>\n<p><span style=\"font-family: arial, helvetica, sans-serif;\"><strong><span style=\"font-size: 14pt;\">Erstellen von Mahnungen und Versand per e-Mail<\/span><\/strong><\/span><\/p>\n<p><span style=\"font-family: arial, helvetica, sans-serif;\"><strong><span style=\"font-size: 14pt;\">Der Tourenplan mit B\u00e4ckerei Prima!<\/span><\/strong><\/span><\/p>\n<p><span style=\"font-family: arial, helvetica, sans-serif;\"><strong><span style=\"font-size: 14pt;\">Die Tourenlisten mit B\u00e4ckerei Prima!<\/span><\/strong><\/span><\/p>\n<p><span style=\"font-family: arial, helvetica, sans-serif;\"><strong><span style=\"font-size: 14pt;\">Zahlungserfassung mit B\u00e4ckerei Prima!<\/span><\/strong><\/span><\/p>\n<p><span style=\"font-family: arial, helvetica, sans-serif;\"><strong><span style=\"font-size: 14pt;\">Offene-Posten-Liste, Zahlungsliste <\/span><\/strong><\/span><\/p>\n<p>&nbsp;<\/p>\n<p>&nbsp;<\/p>\n<p>&nbsp;<\/p>\n<p>&nbsp;<\/p>\n<p><strong><span style=\"font-size: 18pt;\">Das Hauptmen\u00fc und die Groupware<\/span><\/strong><\/p>\n<p><span id=\"cs-slider-shortcode\">[crellyslider alias=&#8220;fensterb\u00e4ckereiprima&#8220;]<\/span><\/p>\n<p><strong><span style=\"font-size: 18pt;\">Der Unternehmens-Stamm von B\u00e4ckerei Prima!<\/span><\/strong><\/p>\n<p>[crellyslider alias=&#8220;fensterb\u00e4ckereiprima2&#8243;]<\/p>\n<p>&nbsp;<\/p>\n<p>&nbsp;<\/p>\n<p>&nbsp;<\/p>\n","protected":false},"excerpt":{"rendered":"<p>Die Fenster von B\u00e4ckerei Prima! werden in sogenannten &#8222;Slidern&#8220; dargestellt! F\u00fchren Sie den Mauszeiger \u00fcber das angezeigte Bild, es erscheint dabei links und rechts des Bildes ein Pfeil f\u00fcrs Bl\u00e4ttern. Bestimmte Bilder lassen sich unterhalb des Bildes mit Klick auf die Navigationskn\u00f6pfe anw\u00e4hlen! Ohne diese &#8222;Slider&#8220; w\u00e4re auf diesem Web Site nur eine sehr kleine [&hellip;]<\/p>\n","protected":false},"author":1,"featured_media":0,"parent":99,"menu_order":290,"comment_status":"closed","ping_status":"closed","template":"page-full.php","meta":{"footnotes":""},"class_list":["post-183","page","type-page","status-publish","hentry"],"_links":{"self":[{"href":"https:\/\/backprima.at\/index.php\/wp-json\/wp\/v2\/pages\/183","targetHints":{"allow":["GET"]}}],"collection":[{"href":"https:\/\/backprima.at\/index.php\/wp-json\/wp\/v2\/pages"}],"about":[{"href":"https:\/\/backprima.at\/index.php\/wp-json\/wp\/v2\/types\/page"}],"author":[{"embeddable":true,"href":"https:\/\/backprima.at\/index.php\/wp-json\/wp\/v2\/users\/1"}],"replies":[{"embeddable":true,"href":"https:\/\/backprima.at\/index.php\/wp-json\/wp\/v2\/comments?post=183"}],"version-history":[{"count":12,"href":"https:\/\/backprima.at\/index.php\/wp-json\/wp\/v2\/pages\/183\/revisions"}],"predecessor-version":[{"id":875,"href":"https:\/\/backprima.at\/index.php\/wp-json\/wp\/v2\/pages\/183\/revisions\/875"}],"up":[{"embeddable":true,"href":"https:\/\/backprima.at\/index.php\/wp-json\/wp\/v2\/pages\/99"}],"wp:attachment":[{"href":"https:\/\/backprima.at\/index.php\/wp-json\/wp\/v2\/media?parent=183"}],"curies":[{"name":"wp","href":"https:\/\/api.w.org\/{rel}","templated":true}]}}